 4*q - 4*u + 2*u, 4*q + 5*u - 30461 = 0. Suppose 0 = 6*g + g - q. Is g composite?
False
Let i(g) = 3*g**2 + 4*g - 4. Suppose 0 = 3*h + 4*b - 27, 6*h - 2*h = b + 17. Is i(h) a prime number?
False
Let t be 12/(-16) - (399/(-12))/7. Suppose -12*s + 16*s - 4*d = 1744, 0 = 5*s - t*d - 2183. Is s a composite number?
False
Let u(c) = 3 + 47*c - 13*c - 4 + 22*c. Suppose 87*y - 82*y = 5. Is u(y) a prime number?
False
Suppose 3*p - 42*j = -38*j + 42309, 5*j - 14122 = -p. Is p composite?
False
Suppose -4*m + 2*d = -2*d + 4, 5*m + 1 = 4*d. Suppose z = m*z - 7382. Is z a composite number?
False
Suppose 2*a = 3*k + 191, -3*a - 2*a = 2*k - 487. Is a composite?
False
Suppose 5*q - 4*q = -4*o - 199, -3*o = -3*q - 627. Let l = q + 892. Is l composite?
True
Let z(h) = -3*h**2 + 8*h - 13. Let w be z(4). Suppose 64 + 4 = f. Let j = w + f. Is j a prime number?
False
Suppose -5*d = 4*m - 8*d - 156765, 0 = 5*m - 11*d - 195978. Is m prime?
False
Let d(f) = 2*f**2 + 2*f - 2. Let i be d(-2). Suppose -4 - i = -x. Let b = x + 116. Is b a composite number?
True
Let b(x) = -12*x**2 - 2*x + 5. Let h(d) = 23*d**2 + 5*d - 10. Let r(n) = 5*b(n) + 3*h(n). Suppose -v - 18 = 2*v. Is r(v) prime?
False
Suppose -4*c + 0*c = -20. Let t(j) = 21*j**3 - 2*j**2 + 3*j + 1. Is t(c) prime?
True
Let r(s) = -s**3 + 22*s**2 - 30*s - 29. Let v be r(20). Suppose 109 = 8*z - v. Is z prime?
False
Is 1*(20/(-4) + (-5 - -32264)) a prime number?
False
Let a(h) = 691*h - 355. Is a(32) a prime number?
True
Let l(c) = c**2 - 8*c - 6. Let a be l(9). Let v = a + 0. Suppose -6*x + v*x = -255. Is x a composite number?
True
Suppose -2*l - 3*k + 23 = 769, -4*k = 0. Let v = l - -666. Is v composite?
False
Let w(m) be the first derivative of -18*m**2 + m + 5. Is w(-1) composite?
False
Let c(i) = 3*i**3 + 6*i + 14. Let h be c(-4). Is h/(8/36*-3) a prime number?
False
Let f = -142 - -354. Let r be (-268)/8*4 + 1. Let c = r + f. Is c a prime number?
True
Let i be 2/4*0 - (0 - -1709). Let k = i + 2446. Is k a prime number?
False
Let j(a) = 6*a**3 - 5*a**2 + 3*a - 1. Let q be j(4). Let d be 1/(-1) + q + 3. Suppose d = -0*y + y. Is y composite?
False
Suppose -7*t + 5697 = -4*t - 2*l, -2*l - 1895 = -t. Is t a composite number?
False
Suppose -o + 4*p = 2*p - 4309, -4*o + 17247 = 3*p. Suppose 3*i + 6*i - o = 0. Is i composite?
False
Let w = -73 - -73. Let c(s) be the second derivative of s**5/20 + s**4/12 - s**3/6 + 23*s**2/2 - s. Is c(w) composite?
False
Suppose -4*w = -3*g - 10054, 5*w - 5*g + 4995 = 17560. Is w a prime number?
False
Suppose 0 = -16*m - 84497 + 754225. Is m prime?
False
Let b(f) = -533*f - 88. Is b(-3) prime?
True
Let v(r) = -r**2 + 2*r + 4. Let l be v(0). Is 3547/l + 39/12 + -3 a prime number?
True
Suppose 0 = -4*f - 5*z - 21, 2*z - 5 = 4*f + 9. Let t be f/8 - (-2)/4. Suppose t = u - 37 - 142. Is u a composite number?
False
Suppose u + 4*l - 1250 = 0, 0 = 4*u - 5*u + 4*l + 1218. Suppose -z - 4*z = 2*j - 632, 4*j - 5*z - u = 0. Is j a composite number?
False
Suppose 3*w - 20 - 4 = 0. Let k be 5 + (3 - (w - 2)). Suppose -k*g = g - 2247. Is g composite?
True
Suppose 2*j + 1270 = 2*o - 2*j, o - 641 = -j. Suppose 3*x = 3*m + o, 5*x + 2*m = -0*m + 1086. Let c = -95 + x. Is c a prime number?
False
Suppose c + 0*c + 2*f = 34275, -4*c + 137150 = -2*f. Is c prime?
False
Let a(s) = 524*s**2 - 7*s + 77. Is a(6) prime?
True
Is (-4)/(16/5) + (-396593)/(-164) composite?
False
Let n = -124276 - -190497. Is n a composite number?
False
Is 317/(-2)*(99/11 - 11) composite?
False
Suppose 9*s = 5*s. Suppose 3*t + 4*y = 10, -3*y + s = 5*t - 2. Is (1/t)/((-7)/4102) a prime number?
True
Is 1/((-39)/10673*1/(-39)) a composite number?
True
Suppose 0*k = -4*w + 3*k + 1, -4*k = 2*w - 28. Suppose -3*v + 1099 = w*n, -345 = -4*v - 4*n + 1127. Is v prime?
True
Suppose 52 = -3*g - 14. Let q = 24 + g. Suppose 2*w - 134 = -3*r - 3*w, 5*r - 275 = q*w. Is r prime?
True
Let r(u) = -2*u**2 + 19*u - 9. Let p be r(9). Suppose -4*n + 5*f + 232 = p, -4*n - 2*f + 98 = -2*n. Is n a composite number?
False
Suppose 0 = -269*s + 265*s + 144. Is 46851/27 + (-8)/s composite?
True
Let q = 5310 + 18709. Is q a prime number?
True
Let y(s) = 273*s + 23. Let h be y(-13). Let o = 5327 + h. Is o prime?
True
Suppose 0 = 12*w - 22*w + 49690. Is w composite?
False
Let g be 26/(-6) - 3/(-9). Is (-5 - g) + 144 + -2 composite?
True
Let q = -11 + 16. Suppose -458 = -q*r + 222. Let m = 219 + r. Is m a composite number?
True
Suppose 1688*y = 1684*y + 32828. Is y a prime number?
False
Let a(k) = -2742*k - 121. Is a(-1) prime?
True
Let r be -1 - (3 + -2 - 2). Let c be (1 - r) + -6 + 8. Is c/(-2)*380/(-15) composite?
True
Let v = 19825 - 13806. Is v a prime number?
False
Let m = 6955 + -3792. Is m a composite number?
False
Let a(k) = -35*k**3 + 4*k**2 - 46*k - 194. Is a(-5) a prime number?
False
Let s = 52592 - 11713. Is s a composite number?
False
Let y = 2 - 8. Is (3 - 11136/(-9)) + (-4)/y composite?
True
Let h = 67 + -50. Let a(v) = v**3 - 9*v**2 - 14*v - 29. Is a(h) prime?
False
Let c = 10903 - -246. Is c prime?
True
Suppose -5*l = -38*x + 36*x - 1475219, 295057 = l + 4*x. Is l a prime number?
False
Let a(c) = c**2 - 15*c + 15. Let d(s) = 2*s**3 - 2*s**2 - 3*s + 4. Let x be d(2). Let y be a(x). Let o = 30 - y. Is o composite?
True
Let h(t) = -6*t**3 - 6*t**2 - 6*t - 31. Let m(c) = 2*c - 8. Let l be m(0). Is h(l) composite?
True
Suppose 5*v - 3*v = 1284. Suppose -v = -z - 3*z + o, 2*z - 5*o - 312 = 0. Is z a composite number?
True
Let q = -1364 - -11698. Is q a prime number?
False
Let j be (-21832)/(-4)*(-10)/(-4). Suppose -11*b + 6*b = -j. Is b composite?
False
Let n be (4 - (10 - 3)) + 9. Suppose -n*d + 15 = -d. Suppose h + 4*z - 115 = 0, -d*h + h = 5*z - 239. Is h a composite number?
False
Let k = -7302 + 16324. Let t = 13218 - k. Suppose g = 5*g - t. Is g a prime number?
True
Let b(m) be the second derivative of m**4/12 + 5*m**3/6 - m**2 - 10*m. Let c be b(-5). Is ((-5)/20)/(c/1688) composite?
False
Let c(r) = -3*r**3 + 2*r**2 + 2*r - 1. Let m be c(2). Is 991/((-3)/(4 + m)) a composite number?
True
Let b(v) = v**3 + 2*v**2 - 2*v - 2. Let q be b(-2). Suppose -q*r + m = 4*m - 279, 3*m = -3*r + 417. Suppose r = 3*t - 633. Is t a prime number?
True
Let z(n) = n**3 - 17*n**2 + 21*n - 15. Let i be z(17). Suppose -238 = -4*k + i. Is k composite?
True
Suppose 0 = -r - g + 1405, -4*r + 422 = -2*g - 5174. Is r a prime number?
False
Let w be -1*2/(-1)*6/12. Is ((-4)/1 - -117)*w a composite number?
False
Suppose -159*k = 2*u - 160*k - 7571, 4*u - 15151 = -k. Is u composite?
True
Let c(x) = 1509*x**3 - 4*x**2 + 6*x - 2. Is c(1) a prime number?
False
Suppose 5*f = -4*r + 3639, 6*f - 3*f - 3*r - 2205 = 0. Is f prime?
False
Suppose 0 = 2*i - 3*i + 1735. Suppose -5*g = -4*c - i, 4*c + 687 = 2*g + c. Let p = g - 220. Is p prime?
True
Let u(c) = c**3 + 34*c**2 - 64*c - 15. Is u(-34) a composite number?
False
Is ((-1)/(-2)*-9811)/(1/(-2)) composite?
False
Suppose 2*q = 5*j + 949, 0 = -0*q - 3*q - 9. Let g = j + 484. Is g a prime number?
True
Suppose 5*x + 4*r - 43907 = 7*r, -5*x + r = -43899. Is x composite?
False
Suppose -29*l + 28*l - 2*v + 14391 = 0, -5*v = 25. Is l composite?
False
Let u be 5/3 + (-10)/6. Let p be 93/((2 + -3)/(-1)). Suppose -p = -v - u*v. Is v a composite number?
True
Let o = -171 - -6. Let y = 458 + o. Is y a prime number?
True
Let v(t) = -3 + 2 + 2 - 9*t + 21*t**2. Is v(-5) a prime number?
True
Suppose p + 30 = 3*p. Suppose -v = p + 68. Let l = 44 - v. Is l composite?
False
Is (6197/(-5))/(2/(-10)) a prime number?
True
Is 223453/6 - ((-20)/24)/1 composite?
False
Is (5730/(-12))/(2/(-4)) composite?
True
Let j(i) = 18*i**2 + i + 11. Let x be 2/4*(-28)/35*25. Is j(x) a prime number?
True
Let w(s) = s**3 + 15*s**2 + 13*s - 11. Let r be w(-14). Suppose -5*q + 10 = 0, 0*t + 3672 = r*t - 3*q. Let y = -417 + t. Is y prime?
True
Let a be (0 + -1)/(3/(-645)). Suppose -3*b + a = -526. Is b composite?
True
Let d(s) = 74*s**2 - 2*s + 1. Let x = -25 - -22. Is d(x) a prime number?
True
Suppose 36*q + 162280 = 851716. Is q a prime number?
False
Let f(t) = 2*t**2 - t - 152. Is f(33) prime?
True
Let w(t) = t**2 + 13*t + 6. Let h be w(-12). Let u(k) = k**3 + 7*k**2 - 4*k - 7. Is u(h) composite?
False
Let b(i) = i - 6. Let w be ((-5)/10)/(1/(-12)). Let l be b(w). Suppose -3